visor of 1292199 and 40399?
569
Calculate the highest common divisor of 77648 and 11394.
422
What is the highest common divisor of 30825102 and 462?
462
Calculate the highest common divisor of 2613 and 11251779.
201
Calculate the highest common divisor of 2030 and 1363029.
29
Calculate the greatest common divisor of 1067979887 and 122.
61
What is the greatest common divisor of 1156 and 679337?
17
What is the highest common divisor of 10489240 and 760?
40
Calculate the greatest common factor of 1466 and 12268954.
1466
What is the greatest common divisor of 1634 and 2699406?
38
Calculate the highest common divisor of 811 and 16052123.
811
Calculate the highest common divisor of 1160 and 26637080.
1160
What is the highest common divisor of 1800 and 32218400?
200
What is the greatest common factor of 68 and 9921472?
68
Calculate the highest common divisor of 6760 and 11327680.
520
What is the highest common factor of 3209396 and 32908?
1732
Calculate the greatest common factor of 462 and 1108833.
33
Calculate the highest common divisor of 656 and 360882.
82
What is the greatest common factor of 17 and 78474703?
17
Calculate the greatest common divisor of 27 and 261281016.
9
What is the greatest common factor of 25456 and 845552?
688
Calculate the highest common divisor of 70 and 13080802.
14
Calculate the greatest common divisor of 14717 and 1.
1
Calculate the greatest common factor of 13623500 and 624204.
9908
Calculate the greatest common factor of 393113 and 931987.
4417
What is the greatest common factor of 32 and 2444701216?
32
What is the highest common factor of 246542 and 30392?
262
Calculate the highest common divisor of 10506 and 29121.
51
What is the highest common divisor of 1548 and 47504508?
516
What is the highest common divisor of 295650634 and 1212?
202
What is the highest common divisor of 348 and 11581212?
12
Calculate the highest common factor of 383 and 628214.
1
Calculate the highest common factor of 432 and 3773466.
54
Calculate the greatest common factor of 2548 and 1189786.
26
What is the highest common divisor of 265 and 11368235?
265
What is the highest common divisor of 6233664 and 1728?
192
What is the greatest common factor of 3438162 and 468?
234
What is the greatest common divisor of 33 and 12527031?
33
What is the highest common factor of 583 and 1452847?
11
What is the greatest common factor of 46276875 and 36765?
855
Calculate the greatest common divisor of 586971 and 7029.
99
Calculate the highest common factor of 371061981 and 909.
909
What is the highest common divisor of 197561 and 266344?
169
What is the greatest common factor of 7234261 and 994?
71
Calculate the greatest common divisor of 30253832 and 1743280.
15848
What is the greatest common factor of 317896943 and 4732?
1183
What is the highest common divisor of 111616 and 17658?
218
Calculate the greatest common divisor of 1374 and 5898124.
458
What is the highest common divisor of 25923 and 7245?
3
Calculate the greatest common divisor of 11163072 and 4876.
212
What is the highest common divisor of 527 and 13586587?
527
Calculate the greatest common factor of 93469237 and 2804.
701
Calculate the greatest common divisor of 321 and 18508539.
321
Calculate the greatest common divisor of 848622792 and 4467.
4467
Calculate the greatest common divisor of 10 and 6858135530.
10
Calculate the highest common divisor of 12885 and 11925497.
859
Calculate the greatest common divisor of 93682160 and 16.
16
What is the greatest common factor of 29565 and 1452735?
405
Calculate the greatest common divisor of 154084031 and 128955.
8597
What is the greatest common factor of 641 and 78603907?
641
What is the highest common factor of 14 and 2428710718?
14
Calculate the highest common factor of 35098 and 5147998.
46
Calculate the highest common factor of 10228890 and 266.
14
Calculate the highest common divisor of 11074 and 18666809.
791
Calculate the highest common factor of 273025 and 6059525.
4075
Calculate the highest common divisor of 356769 and 290431.
809
What is the highest common divisor of 110 and 1175966?
22
Calculate the highest common factor of 381487562 and 2487.
829
What is the greatest common factor of 1820 and 4889924?
52
Calculate the highest common factor of 8 and 126195768.
8
What is the greatest common divisor of 99611255 and 15924?
1327
Calculate the greatest common divisor of 5116070 and 39650.
610
Calculate the greatest common factor of 472725 and 393525.
2475
What is the highest common factor of 24616808 and 23?
23
Calculate the highest common factor of 383544 and 1260.
252
What is the highest common factor of 78200252 and 1420?
284
What is the highest common factor of 88 and 40323547?
11
What is the highest common factor of 4516050 and 36652?
2618
Calculate the greatest common factor of 150 and 6843618.
6
Calculate the highest common factor of 54 and 410633838.
18
What is the greatest common divisor of 11 and 138256459?
11
What is the highest common divisor of 177619432 and 10672?
5336
What is the greatest common divisor of 78 and 386712456?
78
Calculate the greatest common divisor of 6273583 and 18246.
3041
Calculate the highest common factor of 31099 and 2137337.
137
Calculate the greatest common factor of 129297 and 427371.
987
What is the highest common divisor of 88464 and 19?
19
Calculate the highest common factor of 186670 and 69674.
22
What is the greatest common divisor of 3227246 and 12903?
187
What is the highest common factor of 16040386 and 11724?
1954
What is the highest common factor of 2479430965 and 605?
605
Calculate the greatest common factor of 4028 and 47975.
19
Calculate the highest common divisor of 26124728 and 616.
56
Calculate the highest common divisor of 12731912 and 76075.
3043
Calculate the highest common factor of 79458 and 42866622.
1938
What is the greatest common divisor of 177618 and 185262?
42
What is the greatest common divisor of 1322929 and 3801?
181
Calculate the greatest common divisor of 7623 and 5925249.
1089
What is the greatest common divisor of 55572 and 118075344?
5052
What is the greatest common divisor of 244891732 and 204?
68
What is the greatest common divisor of 688387722 and 6?
6
Calculate the highest common factor of 246140 and 393080.
620
What is the greatest common factor of 11 and 131242276?
11
What is the greatest common factor of 2355 and 9713590?
785
What is the highest common factor of 2827201 and 101569?
169
Calculate the greatest common factor of 1349824 and 256.
64
Calculate the greatest common divisor of 6496 and 1252300.
28
What is the greatest common factor of 8617774 and 33?
11
Calculate the greatest common factor of 4315204 and 532.
76
Calculate the highest common divisor of 2173 and 702535.
41
What is the highest common factor of 10332 and 67485303?
369
Calculate the highest common factor of 308803 and 4087.
67
What is the greatest common divisor of 319182570 and 2198?
2198
What is the greatest common factor of 19608 and 1346568?
456
What is the greatest common divisor of 209670 and 16530?
870
Calculate the highest common factor of 1596 and 102178356.
84
What is the highest common factor of 3608 and 4968667?
451
What is the greatest common divisor of 1039070 and 26840?
10
What is the greatest common divisor of 2639060 and 12?
4
What is the highest common divisor of 10764 and 111964?
92
What is the greatest common divisor of 76407100 and 55?
55
Calculate the highest common factor of 443676064 and 10608.
3536
What is the greatest common factor of 1869 and 1308834?
267
What is the highest common divisor of 152 and 935240?
8
Calculate the highest common divisor of 149721 and 1078792.
143
Calculate the highest common factor of 48 and 23388072.
24
What is the greatest common divisor of 10404186 and 91?
13
Calculate the greatest common divisor of 9174616 and 1096.
1096
Calculate the highest common factor of 8177 and 371332.
481
What is the greatest common divisor of 128996 and 178318?
3794
Calculate the greatest common factor of 8 and 765278.
2
What is the highest common factor of 56 and 13210568?
56
Calculate the greatest common divisor of 93344 and 704.
32
What is the highest common divisor of 175 and 338975525?
175
Calculate the highest common divisor of 16609274 and 22.
22
Cal